prime factors of 200904.
2, 3, 11, 761
What are the prime factors of 9599167?
9599167
List the prime factors of 120725.
5, 11, 439
What are the prime factors of 1122881?
19, 113, 523
List the prime factors of 1310792.
2, 7, 89, 263
List the prime factors of 7612326.
2, 3, 29, 4861
List the prime factors of 6336440.
2, 5, 11, 14401
List the prime factors of 11418803.
11, 1038073
List the prime factors of 9983585.
5, 1996717
What are the prime factors of 1767088?
2, 179, 617
List the prime factors of 93369.
3, 31123
List the prime factors of 253925.
5, 7, 1451
List the prime factors of 420013.
11, 38183
List the prime factors of 8804178.
2, 3, 461, 1061
List the prime factors of 4957059.
3, 1652353
List the prime factors of 6699322.
2, 7, 478523
What are the prime factors of 103020?
2, 3, 5, 17, 101
What are the prime factors of 20547249?
3, 43, 149, 1069
What are the prime factors of 4605758?
2, 2302879
What are the prime factors of 9901?
9901
What are the prime factors of 31475?
5, 1259
What are the prime factors of 2233117?
2233117
What are the prime factors of 48937?
7, 6991
List the prime factors of 27584665.
5, 5516933
What are the prime factors of 7189247?
13, 71, 7789
What are the prime factors of 379082?
2, 11, 17231
What are the prime factors of 15522325?
5, 7, 13, 6823
What are the prime factors of 2307086?
2, 709, 1627
What are the prime factors of 576890?
2, 5, 57689
What are the prime factors of 812550?
2, 3, 5, 5417
What are the prime factors of 654802?
2, 327401
List the prime factors of 9483311.
1373, 6907
List the prime factors of 2954819.
7, 149, 2833
What are the prime factors of 2039874?
2, 3, 127, 2677
What are the prime factors of 765796?
2, 191449
What are the prime factors of 120792?
2, 3, 7, 719
List the prime factors of 5222808.
2, 3, 17, 251
List the prime factors of 214481.
214481
List the prime factors of 376812.
2, 3, 1163
What are the prime factors of 9261148?
2, 13, 241, 739
List the prime factors of 13669430.
2, 5, 1366943
What are the prime factors of 14509384?
2, 1813673
What are the prime factors of 93404?
2, 19, 1229
List the prime factors of 272870.
2, 5, 13, 2099
What are the prime factors of 8226462?
2, 3, 83, 16519
List the prime factors of 1834474.
2, 917237
List the prime factors of 109296.
2, 3, 11, 23
What are the prime factors of 1233497?
1233497
List the prime factors of 4161295.
5, 41, 53, 383
What are the prime factors of 2685847?
17, 157991
List the prime factors of 274788.
2, 3, 17, 449
List the prime factors of 19086998.
2, 7, 757, 1801
List the prime factors of 532797.
3, 17, 31, 337
What are the prime factors of 370?
2, 5, 37
List the prime factors of 157189.
157189
List the prime factors of 309248.
2, 151
List the prime factors of 13707094.
2, 19, 37, 9749
List the prime factors of 1483409.
659, 2251
What are the prime factors of 37831341?
3, 17, 29, 25579
What are the prime factors of 10239203?
13, 43, 1409
List the prime factors of 869319.
3, 11, 2927
List the prime factors of 22202990.
2, 5, 661, 3359
What are the prime factors of 979782?
2, 3, 61, 2677
List the prime factors of 1105547.
1105547
List the prime factors of 326585.
5, 7, 31, 43
List the prime factors of 3550721.
3550721
List the prime factors of 335039.
79, 4241
List the prime factors of 7567733.
1531, 4943
What are the prime factors of 221313?
3, 73771
What are the prime factors of 21178078?
2, 23, 460393
What are the prime factors of 66279?
3, 22093
What are the prime factors of 142514?
2, 71257
List the prime factors of 1069970.
2, 5, 11, 71, 137
List the prime factors of 677499.
3, 53, 4261
List the prime factors of 1194060.
2, 3, 5, 7, 2843
What are the prime factors of 143664?
2, 3, 41, 73
What are the prime factors of 4569196?
2, 19, 59, 1019
List the prime factors of 5465.
5, 1093
List the prime factors of 1691335.
5, 338267
List the prime factors of 20902423.
23, 181, 5021
List the prime factors of 215848.
2, 26981
What are the prime factors of 6965?
5, 7, 199
What are the prime factors of 1935293?
1935293
List the prime factors of 4333416.
2, 3, 103, 1753
What are the prime factors of 1171421?
1171421
What are the prime factors of 338978?
2, 169489
List the prime factors of 150834.
2, 3, 23, 1093
List the prime factors of 1620347.
1620347
What are the prime factors of 258963?
3, 37, 2333
List the prime factors of 76665.
3, 5, 19, 269
What are the prime factors of 205675?
5, 19, 433
What are the prime factors of 204103?
53, 3851
List the prime factors of 503111.
7, 41, 1753
List the prime factors of 2422296.
2, 3, 17, 1979
List the prime factors of 783611.
769, 1019
List the prime factors of 10425297.
3, 29, 119831
What are the prime factors of 100149?
3, 7, 19, 251
List the prime factors of 177320.
2, 5, 11, 13, 31
What are the prime factors of 230925?
3, 5, 3079
What are the prime factors of 245216?
2, 79, 97
List the prime factors of 722377.
722377
What are the prime factors of 13702?
2, 13, 17, 31
What are the prime factors of 375205?
5, 75041
List the prime factors of 799057.
7, 211, 541
What are the prime factors of 425622?
2, 3, 70937
List the prime factors of 1796488.
2, 19, 53, 223
What are the prime factors of 790904?
2, 109, 907
List the prime factors of 118155.
3, 5, 7877
What are the prime factors of 5491790?
2, 5, 73, 7523
List the prime factors of 1074949.
1074949
What are the prime factors of 124218?
2, 3, 67, 103
What are the prime factors of 517536?
2, 3, 599
What are the prime factors of 1329016?
2, 13, 983
List the prime factors of 168758.
2, 19, 4441
What are the prime factors of 25513191?
3, 11, 85903
What are the prime factors of 2157815?
5, 11, 39233
List the prime factors of 489952.
2, 61, 251
List the prime factors of 1137321.
3, 19, 739
List the prime factors of 4135569.
3, 109, 12647
List the prime factors of 14913227.
7, 2130461
What are the prime factors of 2645487?
3, 13, 7537
List the prime factors of 1041801.
3, 239, 1453
List the prime factors of 1845503.
11, 17, 71, 139
List the prime factors of 1244555.
5, 13, 41, 467
List the prime factors of 12727968.
2, 3, 11, 17, 709
List the prime factors of 130212.
2, 3, 3617
What are the prime factors of 1405182?
2, 3, 234197
What are the prime factors of 13485644?
2, 577, 5843
List the prime factors of 16333729.
67, 243787
List the prime factors of 29173139.
17, 31, 197, 281
What are the prime factors of 3408591?
3, 257, 4421
List the prime factors of 142347.
3, 23, 2063
List the prime factors of 21756.
2, 3, 7, 37
What are the prime factors of 27967471?
7, 23, 271, 641
List the prime factors of 446181.
3, 148727
List the prime factors of 10265276.
2, 7, 197, 1861
What are the prime factors of 165426?
2, 3, 79, 349
What are the prime factors of 9889994?
2, 19, 260263
What are the prime factors of 310759?
109, 2851
List the prime factors of 250290.
2, 3, 5, 103
List the prime factors of 598130.
2, 5, 13, 43, 107
List the prime factors of 8198408.
2, 83, 12347
List the prime factors of 4240874.
2, 11, 192767
What are the prime factors of 408440?
2, 5, 10211
List the prime factors of 2294541.
3, 17, 4999
List the prime factors of 556038.
2, 3, 7, 1471
What are the prime factors of 332777?
43, 71, 109
List the prime factors of 646962.
2, 3, 107827
What are the prime factors of 742142?
2, 371071
List the prime factors of 4161124.
2, 11, 17, 5563
What are the prime factors of 19953546?
2, 3, 17, 53, 3691
What are the prime factors of 675658?
2, 293, 1153
What are the prime factors of 357087?
3, 37, 3217
What are the prime factors of 11479856?
2, 717491
What are the prime factors of 430839?
3, 197
What are the prime factors of 2434389?
3, 23, 35281
List the prime factors of 1790058.
2, 3, 298343
What are the prime factors of 15234253?
15234253
List the prime factors of 28642767.
3, 2707, 3527
List the prime factors of 6438137.
23, 279919
List the prime factors of 10551631.
19, 555349
List the prime factors of 2088440.
2, 5, 109, 479
List the prime factors of 4607260.
2, 5, 7, 32909
List the prime factors of 160050.
2, 3, 5, 11, 97
List the prime factors of 1968747.
3, 11, 59659
What are the prime factors of 476964?
2, 3, 13249
List the prime factors of 9458673.
3, 7, 450413
List the prime factors of 146273.
146273
What are the prime factors